d = -5*b + 7680 + 1178, b - 1789 = -5*d. What is the units digit of b?
4
Let c = -6 - -10. Let a = c - 2. What is the units digit of a?
2
Let i(w) = -3*w**3 + w**2 + 1. Let f(a) be the second derivative of -a**3/6 + 3*a**2 - 5*a. Let u be f(8). What is the tens digit of i(u)?
2
Suppose -96*f + 40*f + 35448 = 0. What is the tens digit of f?
3
Let v(r) = 36*r**2 + 8*r + 14. What is the units digit of v(5)?
4
Let w = 15 - 10. Let i be 55 + (-2)/9 + 47/9. Suppose 0 = 2*q - w*s - i, -s + 6*s = q - 20. What is the tens digit of q?
4
What is the tens digit of 15/(-6) + 249261/114?
8
Let b(s) = 3*s**2 - 3*s - 4. Suppose 0*r = -3*p + 2*r + 16, -p + 3*r = -10. Suppose -p*c + 3*c = 2. What is the units digit of b(c)?
4
Let h be (-1)/(5 + -2)*-6. Let i be (-6 + (h - 0))/2. Let f = i - -18. What is the tens digit of f?
1
Let d be (0 + 1)/(12/36). What is the units digit of d/(4/124 - 0) + 4?
7
What is the units digit of (7 - 2)/1 - (-3069 - 2)?
6
Suppose -24*f - 49 = -17*f. Suppose 5*l = 3*o - 29, 0*o - 27 = -3*o + 3*l. What is the units digit of o + (f - (3 + -7))?
5
Let t(x) = -x**3 + 10*x**2 - 10*x + 11. Let j be t(9). Suppose 4 = -3*g + j*g. Let c = g - -12. What is the units digit of c?
8
Suppose 7996*k - 25212 = 7990*k. What is the thousands digit of k?
4
Let l = -1381 + 4163. What is the hundreds digit of l?
7
Suppose 0 = 4*q, 4*m - 4*q + 0 = -20. What is the hundreds digit of (-3 - -4)*m + 300?
2
Let j(u) = -3*u - 17. Let a be j(8). What is the units digit of (a/(2 + -3))/1?
1
Let n = 985 + -593. What is the hundreds digit of n?
3
Let c be (15/(-30))/((-2)/8). Suppose -2*x + 480 = -c*o + x, 240 = -o + 3*x. What is the tens digit of (o/(-8))/(4/10)?
7
Let i = -99 - -104. Suppose c + 449 = i*m + 48, -5*m + 395 = 5*c. What is the tens digit of m?
8
Let q(y) = -y**3 - 2*y**2 - y + 164. Let g be q(0). Let c = g - 86. What is the tens digit of c?
7
What is the tens digit of (30 - 29)/(2*1/570)?
8
Let k(o) = -o**2 + o + 144. Suppose -9*h = -5*h. What is the units digit of k(h)?
4
What is the hundreds digit of (4 - -802)/((-22)/(-77))?
8
Let c be 14/(-49) + (-16)/(-7). Suppose -130 = 4*o - c. Let w = 103 + o. What is the units digit of w?
1
Suppose -659 = -3*g + 2*h, 0 = 2*g + 3*g - 2*h - 1097. What is the units digit of g?
9
Let p(g) = g**2 - 42. Let b be p(0). What is the tens digit of (b/9)/(8/(-300))?
7
Let v(x) = x**3 + 5*x**2 - x - 2. Let j be v(-4). Suppose 2*p = -3*z + j, 3*z = -0 - 6. What is the units digit of (-384)/(-15) + p/(-20)?
5
Let z(a) = 2*a**2 - a + 37. Let x be 0/(5/((-5)/(-3))). Let g be z(x). Let j = g + -4. What is the units digit of j?
3
Suppose 0 = -4*d + 4*n + 3192, -2*d + n + 1599 = -4*n. What is the tens digit of d?
9
Suppose -2*x = v - 688, -v - 15 - 323 = -x. What is the tens digit of x?
4
Suppose 4*r - 15 = 17. Suppose -5*u - 1 = j + 10, -j = 4*u + r. Suppose j*c - 2*c - 42 = -2*b, -c - 5*b + 1 = 0. What is the tens digit of c?
2
Suppose 5*r - 2*v - 952 = -v, 0 = -5*r - v + 948. What is the units digit of r?
0
Let i be (1 - -1)/((-1)/6). Let b be -2 - 1 - (1 - -2 - 41). Let x = b + i. What is the units digit of x?
3
Suppose -4*z + 2*z = 0. Let h(q) = q**3 - 10*q**2 - 11*q + 3. Let l be h(11). What is the tens digit of (2 + z + l)*5?
2
Suppose 5*w + 2 = 6*w. What is the units digit of w/(-6) - 815/(-15)?
4
Let p(j) be the second derivative of -j**5/20 - 5*j**4/12 - 13*j**3/6 - 4*j**2 + 8*j. What is the tens digit of p(-6)?
0
Let t = -16 + 52. Let o = t - -225. What is the units digit of o?
1
Let d(o) be the third derivative of o**5/15 + o**4/2 - o**3/3 - 6*o**2 - 3*o. What is the hundreds digit of d(-9)?
2
Let c(o) = -5*o + 3. Let g be ((-9)/6)/(1/(-2)). Let h be c(g). Let b = -8 - h. What is the units digit of b?
4
Let a = 475 - 286. What is the hundreds digit of a?
1
Let n(j) be the third derivative of -j**6/120 - 31*j**5/60 - 5*j**4/2 - 20*j**3/3 + j**2 - 5. What is the tens digit of n(-29)?
1
Suppose 0 = -2*k - k. Suppose k*f - 5*q = 3*f - 44, 0 = -f + 5*q + 28. Suppose 5*u - f = -o, 4*o + 3 + 21 = 4*u. What is the units digit of u?
4
What is the hundreds digit of ((-14865)/60)/(2/(-8))?
9
Suppose 3*p + 4*z - 3914 + 748 = 0, -1034 = -p + 4*z. What is the tens digit of p?
5
Suppose 2*u + 3*u = 15. Suppose 0 = -u*o + 8*o + 85. Let q = 1 - o. What is the units digit of q?
8
Let u be (0 - 12/16)*(-163 - 1). Let o = u + -90. What is the tens digit of o?
3
Let s be (-910)/42*(4 - 1). What is the hundreds digit of ((-12)/26)/(-3) + (-7855)/s?
1
Let c be 2496/66 - (-4)/22. Let a = 7 - 1. Let x = a + c. What is the units digit of x?
4
What is the thousands digit of ((-3)/(-2)*-113)/((-34)/204)?
1
Let c be 0 + -2 - (-1)/1. Let b(r) = -10*r - 9. Let k be b(-1). Let j = k - c. What is the units digit of j?
2
Let r(w) = 79*w + 107. What is the hundreds digit of r(6)?
5
Let j(i) = 3*i**3 - 2*i**2 + 1. Let b(m) = -10*m**3 + 6*m**2 + m - 2. Let n(f) = 2*b(f) + 7*j(f). Suppose q - 4 = -0*q. What is the tens digit of n(q)?
4
What is the thousands digit of 4170 + 27/((-189)/(-14))?
4
Suppose -5*l - 2*l + 1428 = 0. What is the units digit of l?
4
Let a be (-9)/2*(-12)/27. Suppose -5*t + 305 = c, -3*c + 5*t = a*t - 951. Suppose -14*l - c = -19*l. What is the units digit of l?
3
What is the units digit of -135*(-5)/3 + 3?
8
Let z = -19 + 23. Suppose -i = z*v - 13 - 106, 0 = i + 5*v - 120. What is the tens digit of i?
1
Let n be (-40)/(-22) + 6/33. Suppose q - 31 = -0*q + 4*d, -n*q - 5*d = -75. What is the tens digit of q?
3
Suppose -2 = 5*c - 4*c. Let y be 12/(4 + -1) + c. Suppose 3*t + 51 = 2*r, 0*r = 3*r - y*t - 64. What is the tens digit of r?
1
Suppose -2*s = 5*n - 1924, 5*n + 321 = -5*s + 5161. What is the tens digit of s?
7
Let n(f) = -2*f**3 + 3*f**2 + f. Let p be 1/(-2 - (-6)/2). Let q be (p - -1)*(-1)/1. What is the tens digit of n(q)?
2
Let d(u) = -4*u + 2. Let f be d(-6). Suppose 5*m = 4*m + f. What is the units digit of (m/(-8))/((-4)/48)?
9
Let m(f) = -153*f - 64. What is the thousands digit of m(-7)?
1
Let z = -567 - -1635. What is the tens digit of z?
6
Suppose 2*k + 4*f - 166 = 0, -92 = -k + f - 0*f. Suppose 3*n + 11 + k = 5*g, 4*n + 20 = 0. What is the tens digit of g?
1
Let s(b) = 25*b - 64. Suppose n = 4*d + 30, 14 = -3*d + 2. What is the units digit of s(n)?
6
Let b = 2683 + -1079. What is the hundreds digit of b?
6
Suppose 0 = -4*f + 2*v - 484, 254 = -f - f + 4*v. Let g = f - -189. What is the units digit of g?
0
Let s(x) be the second derivative of x**5/20 - x**3/2 + 3*x**2 - 8*x. What is the tens digit of s(4)?
5
Suppose 3080 = 4*k - 2*p, 3*k - 1394 = 4*p + 916. What is the hundreds digit of k?
7
Let z(x) = 20 - 19*x - 4*x**3 - 13*x - 12*x**2 + 5*x**3. What is the tens digit of z(15)?
1
Suppose -178 = -2*p + 4*v, 5*p + 5*v = 583 - 63. Suppose -5*b = 2*u - u - p, 4*b = -u + 102. What is the units digit of u?
4
Let j(d) be the third derivative of 0 + 0*d + 1/24*d**4 - 4*d**2 + d**3. What is the units digit of j(6)?
2
Suppose i + o = 1423, -52*o + 2 = -51*o. What is the hundreds digit of i?
4
Let j = -144 + 260. Let g = j - 59. What is the tens digit of g?
5
What is the tens digit of 1/3 + 316*615/180?
8
Let n(r) = 14*r**2 + 4*r + 18. What is the hundreds digit of n(-7)?
6
Let x(q) = -11*q + 315. What is the units digit of x(24)?
1
Let l be (-3)/6*(-4 - -2). Let v(f) = 144*f**3 + 2*f - 2. Let o be v(l). What is the tens digit of o/56*(9 - 2)?
1
Let z(u) = 12*u + 9. Let m be z(-6). Let r = m + 227. What is the units digit of r?
4
Suppose -194*m - 78584 = -213*m. What is the thousands digit of m?
4
Suppose r + 3*r = 1860. What is the hundreds digit of r?
4
Suppose 3 = -6*g + 15. Suppose -17 = -g*v - 1. What is the units digit of v?
8
Let s(n) = -3*n**3 - 3*n**2 + n + 8. Let d be s(-8). What is the tens digit of (6/8)/(16/d)?
6
Let t be (-9)/(-2)*(12 + -10). Let o(k) = -k - 4 + 47*k**3 + t - 5. What is the tens digit of o(1)?
4
Suppose -4*x + 705 = 4*h - 375, 3*h + 274 = x. Let p = -132 + x. What is the units digit of p?
9
Let s(f) = 4*f - 5. Let p be s(7). Let w = p - 20. Let q = 9 - w. What is the units digit of q?
6
Let y(o) = 687*o**2 + 2*o - 3. What is the tens digit of y(1)?
8
Let j = -239 + 252. What is the units digit of j?
3
Let w be 2 + -4 - (-3 - -1). Suppose -3*f + 119 + 25 = w. What is the units digit of f?
8